 the highest common divisor of 371676 and 1013696.
188
What is the greatest common divisor of 128671003 and 727?
727
Calculate the greatest common divisor of 177 and 4293417.
3
What is the highest common factor of 135 and 34102485?
135
Calculate the greatest common factor of 1914 and 66818697.
957
What is the greatest common divisor of 350 and 94935575?
175
Calculate the greatest common factor of 121 and 79013.
121
What is the greatest common divisor of 42675495 and 15?
15
Calculate the highest common divisor of 126487722 and 18.
6
What is the greatest common divisor of 44489 and 269331?
17
What is the highest common factor of 3587569 and 72?
1
Calculate the highest common divisor of 22 and 126517127.
11
Calculate the greatest common divisor of 319520 and 1180227.
1997
What is the greatest common factor of 1163246250 and 85?
85
Calculate the highest common factor of 28733 and 34789819.
487
What is the highest common factor of 7302146 and 2930?
586
Calculate the highest common divisor of 294707 and 287.
7
Calculate the highest common factor of 6094851 and 6924.
1731
What is the greatest common divisor of 15 and 7782051?
3
What is the highest common divisor of 263630 and 1018235?
205
Calculate the highest common factor of 17575875 and 2250.
1125
What is the greatest common divisor of 28672 and 15309?
7
What is the greatest common factor of 625 and 52236875?
625
What is the greatest common factor of 97025690 and 231370?
13610
What is the greatest common divisor of 39 and 107323281?
39
Calculate the highest common divisor of 20 and 47392780.
20
Calculate the highest common factor of 430962 and 4557.
651
What is the highest common factor of 50172 and 181881862?
8362
What is the highest common divisor of 4424 and 106323651?
553
Calculate the greatest common factor of 86039845 and 235.
235
What is the highest common divisor of 21827 and 518167?
299
Calculate the highest common factor of 1419 and 906528.
3
Calculate the highest common factor of 646331652 and 454.
454
What is the highest common divisor of 918911 and 72037?
1757
Calculate the highest common divisor of 16151558 and 75392.
1178
Calculate the greatest common divisor of 258 and 714866916.
258
What is the greatest common divisor of 1441885 and 247625?
1415
Calculate the greatest common divisor of 76 and 72292340.
76
Calculate the greatest common factor of 12835221 and 252.
21
What is the greatest common factor of 3468 and 470472?
12
What is the highest common divisor of 2843467 and 253?
253
What is the highest common factor of 54749091 and 2748?
687
What is the highest common factor of 298 and 334062023?
149
Calculate the greatest common divisor of 1255438877 and 5379.
1793
Calculate the highest common factor of 210 and 16900044.
42
What is the greatest common factor of 3479568 and 57936?
3408
What is the highest common divisor of 8392398 and 4914?
42
Calculate the greatest common factor of 1226736710 and 76.
38
Calculate the greatest common factor of 1881003424 and 4384.
4384
What is the highest common factor of 10605962 and 15744?
82
What is the highest common divisor of 4641625 and 1000?
125
Calculate the greatest common divisor of 216440549 and 221.
221
Calculate the highest common divisor of 19619 and 17273.
23
What is the greatest common divisor of 63184 and 24808?
8
Calculate the highest common factor of 84027 and 75.
3
Calculate the greatest common factor of 4261 and 38.
1
Calculate the highest common factor of 921182 and 7843376.
2962
What is the highest common divisor of 23735712 and 10864?
112
Calculate the greatest common factor of 540 and 22615920.
180
Calculate the highest common divisor of 936 and 34502013.
117
Calculate the greatest common factor of 1123438 and 17984.
562
Calculate the greatest common factor of 13872 and 4035.
3
What is the greatest common factor of 1269 and 2055639?
141
What is the highest common divisor of 840270 and 113520?
30
What is the greatest common factor of 2400 and 12514960?
80
What is the greatest common factor of 472239 and 334691?
137
What is the greatest common factor of 162 and 16927464?
6
What is the greatest common divisor of 1223914813 and 11?
11
Calculate the greatest common factor of 270 and 53868006.
18
Calculate the greatest common divisor of 310567422 and 59631.
4587
What is the greatest common factor of 24 and 4361568?
24
What is the greatest common factor of 3302 and 17149064?
254
What is the greatest common divisor of 15176 and 230415311?
1897
What is the highest common factor of 369 and 52966834?
41
Calculate the highest common factor of 87 and 107946468.
87
Calculate the highest common factor of 201 and 40140839.
67
What is the highest common factor of 2119 and 1156607413?
2119
Calculate the highest common divisor of 648 and 445716.
108
Calculate the greatest common divisor of 1102 and 1303913.
19
What is the highest common divisor of 17680 and 4629040?
1040
What is the greatest common factor of 66464065 and 1630?
815
What is the highest common factor of 21895362 and 1550?
62
What is the greatest common factor of 136489156 and 217?
31
Calculate the greatest common factor of 288410 and 38582.
382
What is the greatest common factor of 58 and 7315366?
58
What is the highest common divisor of 1021 and 182593598?
1021
Calculate the greatest common divisor of 1743553 and 1659.
7
Calculate the highest common divisor of 6394030 and 65.
5
Calculate the greatest common factor of 17553 and 12849.
3
What is the highest common divisor of 297 and 323105706?
297
What is the greatest common divisor of 36465 and 388365?
255
What is the greatest common factor of 43681703 and 13?
13
What is the greatest common factor of 4836885 and 300?
15
Calculate the greatest common factor of 11770 and 1211240.
1070
What is the highest common divisor of 31613112 and 171?
171
Calculate the highest common divisor of 135 and 42251355.
135
What is the highest common divisor of 280 and 7262255?
35
Calculate the greatest common factor of 60207 and 5360397.
987
Calculate the highest common divisor of 4545 and 12795.
15
What is the greatest common divisor of 2225 and 1320530825?
2225
Calculate the greatest common divisor of 64552170 and 75.
15
Calculate the greatest common factor of 741 and 11115000.
741
What is the greatest common divisor of 2192 and 28564637?
137
What is the highest common factor of 11232 and 6041412?
1404
Calculate the greatest common divisor of 3 and 58805547.
3
What is the greatest common factor of 541009 and 109739?
427
What is the greatest common divisor of 6106086 and 79821?
441
What is the greatest common divisor of 86397312 and 264?
24
What is the highest common factor of 1595 and 1381995?
145
What is the greatest common factor of 51034746 and 1104?
138
What is the highest common divisor of 4 and 145024?
4
Calculate the greatest common factor of 1066640 and 810.
10
What is the highest common factor of 11422418 and 1258?
74
Calculate the highest common divisor of 12070 and 3837408.
142
Calculate the greatest common divisor of 260460491 and 2947.
421
What is the greatest common factor of 438 and 16548078?
438
What is the highest common factor of 91806 and 54570?
642
What is the highest common factor of 31040 and 63535?
485
What is the highest common factor of 21194125 and 125?
125
What is the highest common divisor of 3424960 and 693?
77
Calculate the highest common divisor of 4982130 and 720.
90
What is the highest common factor of 12 and 42357639?
3
What is the highest common divisor of 821169 and 2553?
69
What is the greatest common divisor of 186150 and 348721?
1241
Calculate the highest common factor of 4895981 and 371.
53
Calculate the highest common factor of 38192043 and 2001.
87
What is the highest common factor of 1374430 and 23780?
10
Calculate the highest common factor of 16549 and 951007.
19
What is the highest common factor of 4155 and 460695?
15
What is the greatest common factor of 36040 and 3952840?
680
Calculate the greatest common factor of 261751 and 305.
61
Calculate the greatest common divisor of 82 and 189180806.
82
What is the highest common divisor of 19179051 and 52830?
1761
Calculate the greatest common divisor of 592 and 106985.
1
What is the highest common factor of 13552231 and 561?
11
Calculate the greatest com